{"id":1117,"date":"2022-02-28T09:42:47","date_gmt":"2022-02-28T08:42:47","guid":{"rendered":"https:\/\/www.editions-loubavitch.fr\/?post_type=product&#038;p=1117"},"modified":"2025-11-23T11:37:14","modified_gmt":"2025-11-23T10:37:14","slug":"likoutei-sihot-serie-23-4-5","status":"publish","type":"product","link":"https:\/\/www.editions-loubavitch.fr\/index.php\/produit\/likoutei-sihot-serie-23-4-5\/","title":{"rendered":"LIKOUTEI SI\u2019HOT S\u00c9RIE 23 (4 &#038; 5)"},"content":{"rendered":"<p>Likoutei Si\u2019hot s\u00e9rie 23 sur les 2 parachiot\u00a0 Bamidbar et Devarim\u00a0 De nombreux enseignements du Rabbi de Loubavitch, discours \u2018hassidiques, explications donn\u00e9es \u00e0 l\u2019occasion d\u2019une intervention publique, causeries, lettres, notes qu\u2019il r\u00e9digea pour son usage personnel, ont \u00e9t\u00e9 pr\u00e9sent\u00e9s, ces derni\u00e8res ann\u00e9es, au public francophone.<\/p>\n","protected":false},"excerpt":{"rendered":"<p>Likoutei Si\u2019hot s\u00e9rie 23 sur les 3 parachiot\u00a0 2 parachiot\u00a0 Bamidbar et Devarim De nombreux enseignements du Rabbi de Loubavitch, discours \u2018hassidiques, explications donn\u00e9es \u00e0 l\u2019occasion d\u2019une intervention publique, causeries, lettres, notes qu\u2019il r\u00e9digea pour son usage personnel, ont \u00e9t\u00e9 pr\u00e9sent\u00e9s, ces derni\u00e8res ann\u00e9es, au public francophone.<\/p>\n","protected":false},"featured_media":1122,"template":"","meta":[],"product_brand":[],"product_cat":[99,94],"product_tag":[114,112,98],"class_list":{"0":"post-1117","1":"product","2":"type-product","3":"status-publish","4":"has-post-thumbnail","6":"product_cat-likoutei-sihot","7":"product_cat-livres","8":"product_tag-le-rabbi","9":"product_tag-likoutei-sihot","10":"product_tag-livres","12":"first","13":"outofstock","14":"shipping-taxable","15":"purchasable","16":"product-type-simple"},"_links":{"self":[{"href":"https:\/\/www.editions-loubavitch.fr\/index.php\/wp-json\/wp\/v2\/product\/1117","targetHints":{"allow":["GET"]}}],"collection":[{"href":"https:\/\/www.editions-loubavitch.fr\/index.php\/wp-json\/wp\/v2\/product"}],"about":[{"href":"https:\/\/www.editions-loubavitch.fr\/index.php\/wp-json\/wp\/v2\/types\/product"}],"wp:featuredmedia":[{"embeddable":true,"href":"https:\/\/www.editions-loubavitch.fr\/index.php\/wp-json\/wp\/v2\/media\/1122"}],"wp:attachment":[{"href":"https:\/\/www.editions-loubavitch.fr\/index.php\/wp-json\/wp\/v2\/media?parent=1117"}],"wp:term":[{"taxonomy":"product_brand","embeddable":true,"href":"https:\/\/www.editions-loubavitch.fr\/index.php\/wp-json\/wp\/v2\/product_brand?post=1117"},{"taxonomy":"product_cat","embeddable":true,"href":"https:\/\/www.editions-loubavitch.fr\/index.php\/wp-json\/wp\/v2\/product_cat?post=1117"},{"taxonomy":"product_tag","embeddable":true,"href":"https:\/\/www.editions-loubavitch.fr\/index.php\/wp-json\/wp\/v2\/product_tag?post=1117"}],"curies":[{"name":"wp","href":"https:\/\/api.w.org\/{rel}","templated":true}]}}