{"id":1758,"date":"2026-01-13T12:17:18","date_gmt":"2026-01-13T11:17:18","guid":{"rendered":"https:\/\/www.editions-loubavitch.fr\/?post_type=product&#038;p=1758"},"modified":"2026-01-13T12:19:49","modified_gmt":"2026-01-13T11:19:49","slug":"la-famille-royale","status":"publish","type":"product","link":"https:\/\/www.editions-loubavitch.fr\/index.php\/produit\/la-famille-royale\/","title":{"rendered":"La Famille Royale"},"content":{"rendered":"<p>La Famille Royale<br \/>\nQuand le Rabbi accepta officiellement, en 1951, de succ\u00e9der \u00e0 son illustre beau-p\u00e8re, Rabbi Yossef Yitshak peu de gens le connaissaient vraiment. On avait remarqu\u00e9 ses connaissanc es ph\u00e9nom\u00e9nales, sa discr\u00e9tion, sa soumission \u00e0 son beau-p\u00e8re et Rabbi, ses capacit\u00e9s dorganisateur, son d\u00e9vouement \u00e0 la cause hassidique. On savait aussi que le Rabbi descendait de la prestigieuse lign\u00e9e Schneersohn et donc de Rabbi\u00a0Chn\u00e9our Zalman.<br \/>\nCependant, on navait que peu d\u00e9l\u00e9ments sur sa famille proche et ce riest qu&rsquo;au fur et \u00e0 mesure des recherches quon put d\u00e9couvrir la grandeur de ses anc\u00eatres, paternels et maternels et, ainsi, mieux cerner sa personnalit\u00e9.<br \/>\nCet ouvrage, fruit dune collaboration familiale originale, passionnera certainement tous ceux qui souhaitent mieux conna\u00eetre et comprendre l&rsquo;environnement qui a permis \u00e0 lex-traordinaire personnalit\u00e9 du Rabbi de Loubavitch d&rsquo;illuminer notre g\u00e9n\u00e9ration.<\/p>\n","protected":false},"excerpt":{"rendered":"<p>Quand le Rabbi accepta officiellement, en 1951, de succ\u00e9der \u00e0 son illustre beau-p\u00e8re, Rabbi Yossef Yitshak peu de gens le connaissaient vraiment. On avait remarqu\u00e9 ses connaissance es ph\u00e9nom\u00e9nales, sa discr\u00e9tion, sa soumission \u00e0 son beau-p\u00e8re et Rabbi, ses capacit\u00e9s d&rsquo;organisateur, son d\u00e9vouement \u00e0 la cause hassidique. On savait aussi que le Rabbi descendait de la prestigieuse lign\u00e9e Schneersohn et donc de Rabbi Chn\u00e9our Zalman.<br \/>\nCependant, on n&rsquo;avait que peu d&rsquo;\u00e9l\u00e9ments sur sa famille proche et ce n&rsquo;est qu&rsquo;au fur et \u00e0 mesure des recherches quon put d\u00e9couvrir la grandeur de ses anc\u00eatres, paternels et maternels et, ainsi, mieux cerner sa personnalit\u00e9.<br \/>\nCet ouvrage, fruit dune collaboration familiale originale, passionnera certainement tous ceux qui souhaitent mieux conna\u00eetre et comprendre l&rsquo;environnement qui a permis \u00e0 l&rsquo;extraordinaire personnalit\u00e9 du Rabbi de Loubavitch d&rsquo;illuminer notre g\u00e9n\u00e9ration.<\/p>\n","protected":false},"featured_media":1760,"template":"","meta":[],"product_brand":[],"product_cat":[94],"product_tag":[148,114],"class_list":{"0":"post-1758","1":"product","2":"type-product","3":"status-publish","4":"has-post-thumbnail","6":"product_cat-livres","7":"product_tag-iguerot-kodech","8":"product_tag-le-rabbi","10":"first","11":"instock","12":"shipping-taxable","13":"purchasable","14":"product-type-simple"},"_links":{"self":[{"href":"https:\/\/www.editions-loubavitch.fr\/index.php\/wp-json\/wp\/v2\/product\/1758","targetHints":{"allow":["GET"]}}],"collection":[{"href":"https:\/\/www.editions-loubavitch.fr\/index.php\/wp-json\/wp\/v2\/product"}],"about":[{"href":"https:\/\/www.editions-loubavitch.fr\/index.php\/wp-json\/wp\/v2\/types\/product"}],"wp:featuredmedia":[{"embeddable":true,"href":"https:\/\/www.editions-loubavitch.fr\/index.php\/wp-json\/wp\/v2\/media\/1760"}],"wp:attachment":[{"href":"https:\/\/www.editions-loubavitch.fr\/index.php\/wp-json\/wp\/v2\/media?parent=1758"}],"wp:term":[{"taxonomy":"product_brand","embeddable":true,"href":"https:\/\/www.editions-loubavitch.fr\/index.php\/wp-json\/wp\/v2\/product_brand?post=1758"},{"taxonomy":"product_cat","embeddable":true,"href":"https:\/\/www.editions-loubavitch.fr\/index.php\/wp-json\/wp\/v2\/product_cat?post=1758"},{"taxonomy":"product_tag","embeddable":true,"href":"https:\/\/www.editions-loubavitch.fr\/index.php\/wp-json\/wp\/v2\/product_tag?post=1758"}],"curies":[{"name":"wp","href":"https:\/\/api.w.org\/{rel}","templated":true}]}}