{"id":1765,"date":"2026-01-13T12:24:32","date_gmt":"2026-01-13T11:24:32","guid":{"rendered":"https:\/\/www.editions-loubavitch.fr\/?post_type=product&#038;p=1765"},"modified":"2026-01-26T10:56:27","modified_gmt":"2026-01-26T09:56:27","slug":"5-tevet-didan-natsah","status":"publish","type":"product","link":"https:\/\/www.editions-loubavitch.fr\/index.php\/produit\/5-tevet-didan-natsah\/","title":{"rendered":"Didan Natsa&rsquo;h &#8211; un proc\u00e8s historique des livres sacrets"},"content":{"rendered":"<p>En\u00a0l\u2019honneur\u00a0de\u00a0la\u00a0journ\u00e9e\u00a0tr\u00e8s\u00a0sp\u00e9ciale\u00a0du\u00a05\u00a0T\u00e9vet,\u00a0le\u00a0jour o\u00f9\u00a0a\u00a0\u00e9t\u00e9\u00a0obtenue\u00a0la\u00a0victoire\u00a0dans\u00a0le\u00a0jugement\u00a0des\u00a0livres,<br \/>\nle\u00a0jour\u00a0o\u00f9\u00a0il\u00a0a\u00a0\u00e9t\u00e9\u00a0r\u00e9v\u00e9l\u00e9\u00a0aux\u00a0yeux\u00a0du\u00a0monde\u00a0entier\u00a0que\u00a0les\u00a0livres\u00a0et\u00a0les manuscrits\u00a0de\u00a0nos\u00a0saints\u00a0R\u00e9bb\u00e9\u00efm\u00a0sont<br \/>\nla\u00a0propri\u00e9t\u00e9\u00a0\u00e9ternelle\u00a0de\u00a0la\u00a0communaut\u00e9\u00a0des\u00a0\u2018Hassidim\u00a0\u2018HaBaD,\u00a0\u2013\u00a0nous\u00a0avons\u00a0la\u00a0joie\u00a0de\u00a0pr\u00e9senter\u00a0ici\u00a0l\u2019histoire\u00a0compl\u00e8te\u00a0de\u00a0cet\u00a0\u00e9pisode\u00a0central\u00a0de\u00a0la\u00a0vie\u00a0du\u00a0Rabbi\u00a0afin\u00a0d\u2019accro\u00eetre<br \/>\nl\u2019attachement\u00a0de\u00a0chacun\u00a0\u00e0\u00a0la\u00a0source de notre\u00a0vie.<\/p>\n<p>Ce fascicule a \u00e9t\u00e9 constitu\u00e9 gr\u00e2ce \u00e0 diff\u00e9rents journaux personnels\u00a0tenus\u00a0par\u00a0certains\u00a0\u2018Hassidim\u00a0et\u00a0qui\u00a0ont\u00a0\u00e9t\u00e9\u00a0publi\u00e9s\u00a0au\u00a0fil\u00a0des\u00a0ann\u00e9es.\u00a0Nous\u00a0les\u00a0avons\u00a0pr\u00e9sent\u00e9s\u00a0tels\u00a0quels<br \/>\net\u00a0nous\u00a0d\u00e9gageons\u00a0toute\u00a0responsabilit\u00e9\u00a0quant\u00a0\u00e0\u00a0leur\u00a0contenu.\u00a0Gr\u00e2ce\u00a0\u00e0 ces \u00e9crits, nous avons pu reconstituer toute\u00a0l\u2019histoire.<\/p>\n","protected":false},"excerpt":{"rendered":"<p>En\u00a0l\u2019honneur\u00a0de\u00a0la\u00a0journ\u00e9e\u00a0tr\u00e8s\u00a0sp\u00e9ciale\u00a0du\u00a05\u00a0T\u00e9vet,\u00a0le\u00a0jour o\u00f9\u00a0a\u00a0\u00e9t\u00e9\u00a0obtenue\u00a0la\u00a0victoire\u00a0dans\u00a0le\u00a0jugement\u00a0des\u00a0livres,\u00a0le\u00a0jour\u00a0o\u00f9\u00a0il\u00a0a\u00a0\u00e9t\u00e9\u00a0r\u00e9v\u00e9l\u00e9\u00a0aux\u00a0yeux\u00a0du\u00a0monde\u00a0entier\u00a0que\u00a0les\u00a0livres\u00a0et\u00a0les manuscrits\u00a0de\u00a0nos\u00a0saints\u00a0R\u00e9bb\u00e9\u00efm\u00a0sont\u00a0la\u00a0propri\u00e9t\u00e9\u00a0\u00e9ternelle\u00a0de\u00a0la\u00a0communaut\u00e9\u00a0des\u00a0\u2018Hassidim\u00a0\u2018HaBaD,\u00a0\u2013\u00a0nous\u00a0avons\u00a0la\u00a0joie\u00a0de\u00a0pr\u00e9senter\u00a0ici\u00a0l\u2019histoire\u00a0compl\u00e8te\u00a0de\u00a0cet\u00a0\u00e9pisode\u00a0central\u00a0de\u00a0la\u00a0vie\u00a0du\u00a0Rabbi\u00a0afin\u00a0d\u2019accro\u00eetre\u00a0l\u2019attachement\u00a0de\u00a0chacun\u00a0\u00e0\u00a0la\u00a0source de notre\u00a0vie.<\/p>\n<p>Ce fascicule a \u00e9t\u00e9 constitu\u00e9 gr\u00e2ce \u00e0 diff\u00e9rents journaux personnels\u00a0tenus\u00a0par\u00a0certains\u00a0\u2018Hassidim\u00a0et\u00a0qui\u00a0ont\u00a0\u00e9t\u00e9\u00a0publi\u00e9s\u00a0au\u00a0fil\u00a0des\u00a0ann\u00e9es.\u00a0Nous\u00a0les\u00a0avons\u00a0pr\u00e9sent\u00e9s\u00a0tels\u00a0quels\u00a0et\u00a0nous\u00a0d\u00e9gageons\u00a0toute\u00a0responsabilit\u00e9\u00a0quant\u00a0\u00e0\u00a0leur\u00a0contenu.\u00a0Gr\u00e2ce\u00a0\u00e0 ces \u00e9crits, nous avons pu reconstituer toute\u00a0l\u2019histoire.<\/p>\n","protected":false},"featured_media":1767,"template":"","meta":[],"product_brand":[],"product_cat":[94],"product_tag":[148,114],"class_list":{"0":"post-1765","1":"product","2":"type-product","3":"status-publish","4":"has-post-thumbnail","6":"product_cat-livres","7":"product_tag-iguerot-kodech","8":"product_tag-le-rabbi","10":"first","11":"instock","12":"shipping-taxable","13":"purchasable","14":"product-type-simple"},"_links":{"self":[{"href":"https:\/\/www.editions-loubavitch.fr\/index.php\/wp-json\/wp\/v2\/product\/1765","targetHints":{"allow":["GET"]}}],"collection":[{"href":"https:\/\/www.editions-loubavitch.fr\/index.php\/wp-json\/wp\/v2\/product"}],"about":[{"href":"https:\/\/www.editions-loubavitch.fr\/index.php\/wp-json\/wp\/v2\/types\/product"}],"wp:featuredmedia":[{"embeddable":true,"href":"https:\/\/www.editions-loubavitch.fr\/index.php\/wp-json\/wp\/v2\/media\/1767"}],"wp:attachment":[{"href":"https:\/\/www.editions-loubavitch.fr\/index.php\/wp-json\/wp\/v2\/media?parent=1765"}],"wp:term":[{"taxonomy":"product_brand","embeddable":true,"href":"https:\/\/www.editions-loubavitch.fr\/index.php\/wp-json\/wp\/v2\/product_brand?post=1765"},{"taxonomy":"product_cat","embeddable":true,"href":"https:\/\/www.editions-loubavitch.fr\/index.php\/wp-json\/wp\/v2\/product_cat?post=1765"},{"taxonomy":"product_tag","embeddable":true,"href":"https:\/\/www.editions-loubavitch.fr\/index.php\/wp-json\/wp\/v2\/product_tag?post=1765"}],"curies":[{"name":"wp","href":"https:\/\/api.w.org\/{rel}","templated":true}]}}