{"id":260,"date":"2018-12-20T10:30:44","date_gmt":"2018-12-20T09:30:44","guid":{"rendered":"http:\/\/www.editions-loubavitch.fr\/?post_type=product&#038;p=260"},"modified":"2025-11-23T11:37:55","modified_gmt":"2025-11-23T10:37:55","slug":"torat-menahem-tome-2-chabbat-chouva","status":"publish","type":"product","link":"https:\/\/www.editions-loubavitch.fr\/index.php\/produit\/torat-menahem-tome-2-chabbat-chouva\/","title":{"rendered":"TORAT MENA&rsquo;HEM TOME 2 &#8211; CHABBAT CHOUVA"},"content":{"rendered":"<p>Poursuivant l\u2019\u0153uvre de diffusion de l\u2019enseignement du Rabbi de Loubavitch aupr\u00e8s du public francophone, les \u00e9ditions du Beth Loubavitch publient le douzi\u00e8me tome du Torat Mena\u2019hem.<\/p>\n","protected":false},"excerpt":{"rendered":"<p>Poursuivant l\u2019\u0153uvre de diffusion de l\u2019enseignement du Rabbi de Loubavitch aupr\u00e8s du public francophone, les \u00e9ditions du Beth Loubavitch publient le douzi\u00e8me tome du Torat Mena\u2019hem.<\/p>\n","protected":false},"featured_media":261,"template":"","meta":[],"product_brand":[],"product_cat":[100,94],"product_tag":[114,98,117],"class_list":{"0":"post-260","1":"product","2":"type-product","3":"status-publish","4":"has-post-thumbnail","6":"product_cat-torat-menahem","7":"product_cat-livres","8":"product_tag-le-rabbi","9":"product_tag-livres","10":"product_tag-torat-menahem","12":"first","13":"outofstock","14":"shipping-taxable","15":"purchasable","16":"product-type-simple"},"_links":{"self":[{"href":"https:\/\/www.editions-loubavitch.fr\/index.php\/wp-json\/wp\/v2\/product\/260","targetHints":{"allow":["GET"]}}],"collection":[{"href":"https:\/\/www.editions-loubavitch.fr\/index.php\/wp-json\/wp\/v2\/product"}],"about":[{"href":"https:\/\/www.editions-loubavitch.fr\/index.php\/wp-json\/wp\/v2\/types\/product"}],"wp:featuredmedia":[{"embeddable":true,"href":"https:\/\/www.editions-loubavitch.fr\/index.php\/wp-json\/wp\/v2\/media\/261"}],"wp:attachment":[{"href":"https:\/\/www.editions-loubavitch.fr\/index.php\/wp-json\/wp\/v2\/media?parent=260"}],"wp:term":[{"taxonomy":"product_brand","embeddable":true,"href":"https:\/\/www.editions-loubavitch.fr\/index.php\/wp-json\/wp\/v2\/product_brand?post=260"},{"taxonomy":"product_cat","embeddable":true,"href":"https:\/\/www.editions-loubavitch.fr\/index.php\/wp-json\/wp\/v2\/product_cat?post=260"},{"taxonomy":"product_tag","embeddable":true,"href":"https:\/\/www.editions-loubavitch.fr\/index.php\/wp-json\/wp\/v2\/product_tag?post=260"}],"curies":[{"name":"wp","href":"https:\/\/api.w.org\/{rel}","templated":true}]}}