{"id":359,"date":"2018-12-27T14:23:02","date_gmt":"2018-12-27T13:23:02","guid":{"rendered":"http:\/\/www.editions-loubavitch.fr\/?post_type=product&#038;p=359"},"modified":"2025-11-23T11:37:30","modified_gmt":"2025-11-23T10:37:30","slug":"les-cahiers-de-la-hassidout-n13","status":"publish","type":"product","link":"https:\/\/www.editions-loubavitch.fr\/index.php\/produit\/les-cahiers-de-la-hassidout-n13\/","title":{"rendered":"Les cahiers de la &lsquo;Hassidout N\u00b013"},"content":{"rendered":"<p>Les cahiers de la &lsquo;Hassidout N\u00b013 Unit\u00e9 d\u2019Isra\u00ebl :Le r\u00f4le du chef de la g\u00e9n\u00e9ration<\/p>\n","protected":false},"excerpt":{"rendered":"<p>Les cahiers de la &lsquo;Hassidout N\u00b013 Unit\u00e9 d\u2019Isra\u00ebl :Le r\u00f4le du chef de la g\u00e9n\u00e9ration<\/p>\n","protected":false},"featured_media":360,"template":"","meta":[],"product_brand":[],"product_cat":[105,94],"product_tag":[],"class_list":{"0":"post-359","1":"product","2":"type-product","3":"status-publish","4":"has-post-thumbnail","6":"product_cat-les-cahiers-de-la-hassidout","7":"product_cat-livres","9":"first","10":"instock","11":"sale","12":"shipping-taxable","13":"purchasable","14":"product-type-simple"},"_links":{"self":[{"href":"https:\/\/www.editions-loubavitch.fr\/index.php\/wp-json\/wp\/v2\/product\/359","targetHints":{"allow":["GET"]}}],"collection":[{"href":"https:\/\/www.editions-loubavitch.fr\/index.php\/wp-json\/wp\/v2\/product"}],"about":[{"href":"https:\/\/www.editions-loubavitch.fr\/index.php\/wp-json\/wp\/v2\/types\/product"}],"wp:featuredmedia":[{"embeddable":true,"href":"https:\/\/www.editions-loubavitch.fr\/index.php\/wp-json\/wp\/v2\/media\/360"}],"wp:attachment":[{"href":"https:\/\/www.editions-loubavitch.fr\/index.php\/wp-json\/wp\/v2\/media?parent=359"}],"wp:term":[{"taxonomy":"product_brand","embeddable":true,"href":"https:\/\/www.editions-loubavitch.fr\/index.php\/wp-json\/wp\/v2\/product_brand?post=359"},{"taxonomy":"product_cat","embeddable":true,"href":"https:\/\/www.editions-loubavitch.fr\/index.php\/wp-json\/wp\/v2\/product_cat?post=359"},{"taxonomy":"product_tag","embeddable":true,"href":"https:\/\/www.editions-loubavitch.fr\/index.php\/wp-json\/wp\/v2\/product_tag?post=359"}],"curies":[{"name":"wp","href":"https:\/\/api.w.org\/{rel}","templated":true}]}}