{"id":420,"date":"2018-12-27T18:49:27","date_gmt":"2018-12-27T17:49:27","guid":{"rendered":"http:\/\/www.editions-loubavitch.fr\/?post_type=product&#038;p=420"},"modified":"2025-11-23T11:38:04","modified_gmt":"2025-11-23T10:38:04","slug":"meguilat-esther-perspectives-hassidiques","status":"publish","type":"product","link":"https:\/\/www.editions-loubavitch.fr\/index.php\/produit\/meguilat-esther-perspectives-hassidiques\/","title":{"rendered":"MEGUILAT ESTHER PERSPECTIVES &lsquo;HASSIDIQUES"},"content":{"rendered":"<p>On pourra trouver dans ce fascicule \u00a0une explication de la signification et de la port\u00e9e de la f\u00eate de Pourim, bas\u00e9e sur les commentaires du Rabbi de Loubavitch, une nouvelle traduction fran\u00e7aise de la Meguila qui en simplifie la lecture et en r\u00e9v\u00e8le certaines perspectives, des commentaires de son texte, d\u2019apr\u00e8s les ex\u00e9g\u00e8tes traditionnels et selon la pens\u00e9e \u2018hassidique, de m\u00eame qu\u2019une pr\u00e9sentation synth\u00e9tique des Mitsvot de Pourim et de la mani\u00e8re de les appliquer.<\/p>\n<p>Chacun pourra ainsi se p\u00e9n\u00e9trer de l\u2019\u00e9clairage particulier que la pens\u00e9e \u2018hassidique apporte \u00e0 la f\u00eate de Pourim, laquelle y occupe une place pr\u00e9pond\u00e9rante.<\/p>\n","protected":false},"excerpt":{"rendered":"<div id=\"short_description_content\" class=\"rte align_justify\">On pourra trouver dans ce fascicule \u00a0une explication de la signification et de la port\u00e9e de la f\u00eate de Pourim, bas\u00e9e sur les commentaires du Rabbi de Loubavitch.<\/div>\n","protected":false},"featured_media":421,"template":"","meta":[],"product_brand":[],"product_cat":[94,144],"product_tag":[133,123,134],"class_list":{"0":"post-420","1":"product","2":"type-product","3":"status-publish","4":"has-post-thumbnail","6":"product_cat-livres","7":"product_cat-pourim","8":"product_tag-meguila","9":"product_tag-perspectives-hassidique","10":"product_tag-pourim","12":"first","13":"instock","14":"shipping-taxable","15":"purchasable","16":"product-type-simple"},"_links":{"self":[{"href":"https:\/\/www.editions-loubavitch.fr\/index.php\/wp-json\/wp\/v2\/product\/420","targetHints":{"allow":["GET"]}}],"collection":[{"href":"https:\/\/www.editions-loubavitch.fr\/index.php\/wp-json\/wp\/v2\/product"}],"about":[{"href":"https:\/\/www.editions-loubavitch.fr\/index.php\/wp-json\/wp\/v2\/types\/product"}],"wp:featuredmedia":[{"embeddable":true,"href":"https:\/\/www.editions-loubavitch.fr\/index.php\/wp-json\/wp\/v2\/media\/421"}],"wp:attachment":[{"href":"https:\/\/www.editions-loubavitch.fr\/index.php\/wp-json\/wp\/v2\/media?parent=420"}],"wp:term":[{"taxonomy":"product_brand","embeddable":true,"href":"https:\/\/www.editions-loubavitch.fr\/index.php\/wp-json\/wp\/v2\/product_brand?post=420"},{"taxonomy":"product_cat","embeddable":true,"href":"https:\/\/www.editions-loubavitch.fr\/index.php\/wp-json\/wp\/v2\/product_cat?post=420"},{"taxonomy":"product_tag","embeddable":true,"href":"https:\/\/www.editions-loubavitch.fr\/index.php\/wp-json\/wp\/v2\/product_tag?post=420"}],"curies":[{"name":"wp","href":"https:\/\/api.w.org\/{rel}","templated":true}]}}