{"id":429,"date":"2018-12-27T18:56:52","date_gmt":"2018-12-27T17:56:52","guid":{"rendered":"http:\/\/www.editions-loubavitch.fr\/?post_type=product&#038;p=429"},"modified":"2025-11-23T11:37:55","modified_gmt":"2025-11-23T10:37:55","slug":"etincelles-de-perfection-reedition","status":"publish","type":"product","link":"https:\/\/www.editions-loubavitch.fr\/index.php\/produit\/etincelles-de-perfection-reedition\/","title":{"rendered":"ETINCELLES DE PERFECTION REEDITION"},"content":{"rendered":"<div id=\"short_description_content\" class=\"rte align_justify\">\n<p>Le pr\u00e9sent recueil est, avant tout, une expression de nostalgie.<\/p>\n<p>Le Rabbi de Loubavitch, dont le m\u00e9rite nous prot\u00e8gera, a \u00e9t\u00e9 reconnu par tous comme le chef de la g\u00e9n\u00e9ration, accomplissant des merveilles jusqu\u2019au fin fond de la terre. Tr\u00e8s nombreux sont ceux qui ont \u00e9t\u00e9 sauv\u00e9s par ses conseils et par ses b\u00e9n\u00e9dictions.<\/p>\n<p>Le Rabbi est le dirigeant de tout le peuple d\u2019Isra\u00ebl, manifestant son int\u00e9r\u00eat pour chaque Juif, qui qu\u2019il soit, sans la moindre limite, comme en attestent ses milliers d\u2019\u00e9missaires, r\u00e9partis dans le monde entier et rapprochant les c\u0153urs des Juifs de leur P\u00e8re Qui se trouve dans les cieux.<\/p>\n<p>Et, force est de constater que la date am\u00e8re du 3 Tamouz 5754 (1994), en laquelle sa pr\u00e9sence physique nous a \u00e9t\u00e9 ravie, n\u2019a nullement modifi\u00e9 l\u2019impact de sa personnalit\u00e9 et de ses enseignements sur l\u2019ensemble du peuple d\u2019Isra\u00ebl.<\/p>\n<\/div>\n","protected":false},"excerpt":{"rendered":"<div id=\"short_description_content\" class=\"rte align_justify\">\n<div id=\"short_description_content\" class=\"rte align_justify\">\n<p>Le pr\u00e9sent recueil est, avant tout, une expression de nostalgie sur le Rabbi de Loubavitch,<\/p>\n<\/div>\n<\/div>\n","protected":false},"featured_media":430,"template":"","meta":[],"product_brand":[],"product_cat":[94,23],"product_tag":[114,123],"class_list":{"0":"post-429","1":"product","2":"type-product","3":"status-publish","4":"has-post-thumbnail","6":"product_cat-livres","7":"product_cat-non-classe","8":"product_tag-le-rabbi","9":"product_tag-perspectives-hassidique","11":"first","12":"outofstock","13":"shipping-taxable","14":"purchasable","15":"product-type-simple"},"_links":{"self":[{"href":"https:\/\/www.editions-loubavitch.fr\/index.php\/wp-json\/wp\/v2\/product\/429","targetHints":{"allow":["GET"]}}],"collection":[{"href":"https:\/\/www.editions-loubavitch.fr\/index.php\/wp-json\/wp\/v2\/product"}],"about":[{"href":"https:\/\/www.editions-loubavitch.fr\/index.php\/wp-json\/wp\/v2\/types\/product"}],"wp:featuredmedia":[{"embeddable":true,"href":"https:\/\/www.editions-loubavitch.fr\/index.php\/wp-json\/wp\/v2\/media\/430"}],"wp:attachment":[{"href":"https:\/\/www.editions-loubavitch.fr\/index.php\/wp-json\/wp\/v2\/media?parent=429"}],"wp:term":[{"taxonomy":"product_brand","embeddable":true,"href":"https:\/\/www.editions-loubavitch.fr\/index.php\/wp-json\/wp\/v2\/product_brand?post=429"},{"taxonomy":"product_cat","embeddable":true,"href":"https:\/\/www.editions-loubavitch.fr\/index.php\/wp-json\/wp\/v2\/product_cat?post=429"},{"taxonomy":"product_tag","embeddable":true,"href":"https:\/\/www.editions-loubavitch.fr\/index.php\/wp-json\/wp\/v2\/product_tag?post=429"}],"curies":[{"name":"wp","href":"https:\/\/api.w.org\/{rel}","templated":true}]}}