{"id":431,"date":"2018-12-28T11:51:43","date_gmt":"2018-12-28T10:51:43","guid":{"rendered":"http:\/\/www.editions-loubavitch.fr\/?post_type=product&#038;p=431"},"modified":"2026-02-26T21:59:01","modified_gmt":"2026-02-26T20:59:01","slug":"guide-pratique-de-leducation-hassidique","status":"publish","type":"product","link":"https:\/\/www.editions-loubavitch.fr\/index.php\/produit\/guide-pratique-de-leducation-hassidique\/","title":{"rendered":"GUIDE PRATIQUE DE L&rsquo;\u00c9DUCATION HASSIDIQUE"},"content":{"rendered":"<div id=\"short_description_content\" class=\"rte align_justify\">\n<p>A n\u2019en pas douter, la plus grande satisfaction que des parents puissent concevoir est le maintien le plus strict, par leurs enfants, des valeurs \u00e9ternelles du Juda\u00efsme. Il est clair que la qualit\u00e9 de la transmission est largement conditionn\u00e9e par le comportement de ces parents et par l\u2019ambiance qu\u2019ils instaurent dans le foyer, bien au-del\u00e0 de ce que la structure scolaire elle-m\u00eame peut apporter.<\/p>\n<p>Con\u00e7u pour satisfaire ce besoin vital, le pr\u00e9sent recueil est une compilation th\u00e9matique des enseignements qui ont \u00e9t\u00e9 d\u00e9livr\u00e9s par le Rabbi de Loubavitch, de m\u00eame que par son beau-p\u00e8re et pr\u00e9d\u00e9cesseur, le Rabbi Rayats, dans leurs discours, leurs correspondances et dans les r\u00e9ponses qu\u2019ils ont apport\u00e9es \u00e0 ceux qui les interrogeaient.<\/p>\n<p>Tous les th\u00e8mes de l\u2019\u00e9ducation y sont abord\u00e9s et une pr\u00e9sentation syst\u00e9matique permet de d\u00e9terminer la conception de la \u2018Hassidout, pour tout ce qui concerne la pr\u00e9paration d\u2019un enfant juif \u00e0 son r\u00f4le d\u2019adulte conscient, au sein de sa communaut\u00e9, capable d\u2019assurer \u00e0 son tour la transmission des valeurs du Juda\u00efsme.Cet ouvrage s\u2019adresse \u00e0 la fois au parent, ou \u00e0 celui qui souhaite le devenir et \u00e0 l\u2019enseignant, car la relation de compl\u00e9mentarit\u00e9 qui existe entre le r\u00f4le de l\u2019un et de l\u2019autre fait qu\u2019ils doivent n\u00e9cessairement \u00eatre pr\u00e9sent\u00e9s conjointement, au sein d\u2019une m\u00eame analyse.<\/p>\n<p>Chacun y trouvera, exprim\u00e9e dans les termes des ma\u00eetres de la \u2018Hassidout, la vision juste, permettant d\u2019\u00e9viter les faux-pas, dans un domaine si complexe que chaque erreur peut s\u2019av\u00e9rer lourde de cons\u00e9quences.<\/p>\n<\/div>\n","protected":false},"excerpt":{"rendered":"<div id=\"short_description_content\" class=\"rte align_justify\">\n<div id=\"short_description_content\" class=\"rte align_justify\">\n<p>A n\u2019en pas douter, la plus grande satisfaction que des parents puissent concevoir est le maintien le plus strict, par leurs enfants, des valeurs \u00e9ternelles du Juda\u00efsme. Il est clair que la qualit\u00e9 de la transmission est largement conditionn\u00e9e par le comportement de ces parents et par l\u2019ambiance qu\u2019ils instaurent dans le foyer, bien au-del\u00e0 de ce que la structure scolaire elle-m\u00eame peut apporter.<\/p>\n<\/div>\n<\/div>\n","protected":false},"featured_media":432,"template":"","meta":[],"product_brand":[],"product_cat":[94,23],"product_tag":[135,114,123],"class_list":{"0":"post-431","1":"product","2":"type-product","3":"status-publish","4":"has-post-thumbnail","6":"product_cat-livres","7":"product_cat-non-classe","8":"product_tag-education","9":"product_tag-le-rabbi","10":"product_tag-perspectives-hassidique","12":"first","13":"outofstock","14":"shipping-taxable","15":"purchasable","16":"product-type-simple"},"_links":{"self":[{"href":"https:\/\/www.editions-loubavitch.fr\/index.php\/wp-json\/wp\/v2\/product\/431","targetHints":{"allow":["GET"]}}],"collection":[{"href":"https:\/\/www.editions-loubavitch.fr\/index.php\/wp-json\/wp\/v2\/product"}],"about":[{"href":"https:\/\/www.editions-loubavitch.fr\/index.php\/wp-json\/wp\/v2\/types\/product"}],"wp:featuredmedia":[{"embeddable":true,"href":"https:\/\/www.editions-loubavitch.fr\/index.php\/wp-json\/wp\/v2\/media\/432"}],"wp:attachment":[{"href":"https:\/\/www.editions-loubavitch.fr\/index.php\/wp-json\/wp\/v2\/media?parent=431"}],"wp:term":[{"taxonomy":"product_brand","embeddable":true,"href":"https:\/\/www.editions-loubavitch.fr\/index.php\/wp-json\/wp\/v2\/product_brand?post=431"},{"taxonomy":"product_cat","embeddable":true,"href":"https:\/\/www.editions-loubavitch.fr\/index.php\/wp-json\/wp\/v2\/product_cat?post=431"},{"taxonomy":"product_tag","embeddable":true,"href":"https:\/\/www.editions-loubavitch.fr\/index.php\/wp-json\/wp\/v2\/product_tag?post=431"}],"curies":[{"name":"wp","href":"https:\/\/api.w.org\/{rel}","templated":true}]}}