{"id":433,"date":"2018-12-28T11:55:51","date_gmt":"2018-12-28T10:55:51","guid":{"rendered":"http:\/\/www.editions-loubavitch.fr\/?post_type=product&#038;p=433"},"modified":"2025-11-23T11:37:38","modified_gmt":"2025-11-23T10:37:38","slug":"chaliah-emissaire-du-rabbi","status":"publish","type":"product","link":"https:\/\/www.editions-loubavitch.fr\/index.php\/produit\/chaliah-emissaire-du-rabbi\/","title":{"rendered":"CHALIA&rsquo;H \u00c9MISSAIRE DU RABBI"},"content":{"rendered":"<div id=\"short_description_content\" class=\"rte align_justify\">\n<p>R\u00e9flexions sur la vocation fondamentale des \u2018Hassidim \u2018Habad,en la pr\u00e9sente g\u00e9n\u00e9ration, selon les enseignements du Rabbi de Loubavitch<\/p>\n<\/div>\n","protected":false},"excerpt":{"rendered":"<div id=\"short_description_content\" class=\"rte align_justify\">\n<div id=\"short_description_content\" class=\"rte align_justify\">\n<p>R\u00e9flexions sur la vocation fondamentale des \u2018Hassidim \u2018Habad,en la pr\u00e9sente g\u00e9n\u00e9ration, selon les enseignements du Rabbi de Loubavitch<\/p>\n<\/div>\n<\/div>\n","protected":false},"featured_media":434,"template":"","meta":[],"product_brand":[],"product_cat":[94,23],"product_tag":[135,114,123],"class_list":{"0":"post-433","1":"product","2":"type-product","3":"status-publish","4":"has-post-thumbnail","6":"product_cat-livres","7":"product_cat-non-classe","8":"product_tag-education","9":"product_tag-le-rabbi","10":"product_tag-perspectives-hassidique","12":"first","13":"instock","14":"shipping-taxable","15":"purchasable","16":"product-type-simple"},"_links":{"self":[{"href":"https:\/\/www.editions-loubavitch.fr\/index.php\/wp-json\/wp\/v2\/product\/433","targetHints":{"allow":["GET"]}}],"collection":[{"href":"https:\/\/www.editions-loubavitch.fr\/index.php\/wp-json\/wp\/v2\/product"}],"about":[{"href":"https:\/\/www.editions-loubavitch.fr\/index.php\/wp-json\/wp\/v2\/types\/product"}],"wp:featuredmedia":[{"embeddable":true,"href":"https:\/\/www.editions-loubavitch.fr\/index.php\/wp-json\/wp\/v2\/media\/434"}],"wp:attachment":[{"href":"https:\/\/www.editions-loubavitch.fr\/index.php\/wp-json\/wp\/v2\/media?parent=433"}],"wp:term":[{"taxonomy":"product_brand","embeddable":true,"href":"https:\/\/www.editions-loubavitch.fr\/index.php\/wp-json\/wp\/v2\/product_brand?post=433"},{"taxonomy":"product_cat","embeddable":true,"href":"https:\/\/www.editions-loubavitch.fr\/index.php\/wp-json\/wp\/v2\/product_cat?post=433"},{"taxonomy":"product_tag","embeddable":true,"href":"https:\/\/www.editions-loubavitch.fr\/index.php\/wp-json\/wp\/v2\/product_tag?post=433"}],"curies":[{"name":"wp","href":"https:\/\/api.w.org\/{rel}","templated":true}]}}